actor of 2426081?
True
Is 4364199 a multiple of 191?
False
Is 120 a factor of 827880?
True
Is 56716 a multiple of 82?
False
Is 264 a factor of 986067?
False
Is 88366 a multiple of 23?
True
Does 262 divide 1526936?
True
Does 377 divide 41093?
True
Does 198 divide 269874?
True
Is 5245 a multiple of 32?
False
Is 26 a factor of 73720?
False
Is 373 a factor of 5864176?
False
Is 697252 a multiple of 31?
True
Does 14 divide 603260?
True
Is 198266 a multiple of 87?
False
Is 2 a factor of 62101?
False
Does 23 divide 1843980?
False
Does 69 divide 2537130?
True
Is 55 a factor of 1256750?
True
Is 22 a factor of 32213?
False
Is 668 a factor of 821856?
False
Does 484 divide 347996?
True
Is 3555206 a multiple of 10?
False
Is 507887 a multiple of 10?
False
Is 1132 a factor of 1610836?
True
Does 326 divide 2890267?
False
Does 10 divide 6120?
True
Is 172590 a multiple of 30?
True
Is 10734054 a multiple of 46?
True
Is 55915 a multiple of 53?
True
Is 5156644 a multiple of 39?
False
Is 117 a factor of 871502?
False
Is 32 a factor of 12458368?
True
Is 225580 a multiple of 127?
False
Does 94 divide 145700?
True
Is 1894884 a multiple of 1615?
False
Is 1209 a factor of 4869852?
True
Is 220725 a multiple of 25?
True
Does 113 divide 1440863?
True
Is 498102 a multiple of 66?
True
Is 396311 a multiple of 40?
False
Does 14 divide 3782058?
True
Does 70 divide 642577?
False
Is 21 a factor of 3348421?
False
Is 1348 a factor of 8749868?
True
Does 328 divide 2648179?
False
Is 1061249 a multiple of 25?
False
Is 41 a factor of 349427?
False
Is 93814 a multiple of 23?
False
Does 155 divide 1777695?
True
Is 45911 a multiple of 11?
False
Does 40 divide 341232?
False
Is 6503540 a multiple of 29?
True
Is 2267 a factor of 11554422?
False
Does 20 divide 98600?
True
Is 10 a factor of 1161919?
False
Is 1302598 a multiple of 34?
False
Does 184 divide 8978096?
True
Does 32 divide 4030662?
False
Is 24156 a multiple of 6?
True
Does 3 divide 31470?
True
Does 60 divide 771480?
True
Is 64198 a multiple of 41?
False
Is 35644 a multiple of 179?
False
Is 3685515 a multiple of 820?
False
Does 9 divide 81?
True
Is 444223 a multiple of 13?
True
Does 28 divide 75906?
False
Does 29 divide 7170975?
True
Is 2763 a factor of 7239060?
True
Is 2072882 a multiple of 76?
False
Is 2336467 a multiple of 7?
True
Does 3 divide 155554?
False
Does 69 divide 75092?
False
Is 3411968 a multiple of 64?
True
Is 118 a factor of 12558504?
True
Is 3028544 a multiple of 632?
True
Is 81027 a multiple of 27?
True
Does 11 divide 30459?
True
Is 793668 a multiple of 76?
True
Is 488604 a multiple of 114?
True
Does 112 divide 63480?
False
Does 52 divide 100733?
False
Is 6890473 a multiple of 166?
False
Is 17964 a multiple of 18?
True
Is 3 a factor of 17660?
False
Does 38 divide 12758226?
False
Is 112441 a multiple of 20?
False
Is 31 a factor of 372093?
True
Does 203 divide 94598?
True
Is 101550 a multiple of 150?
True
Does 19 divide 1873062?
False
Is 16431414 a multiple of 368?
False
Is 220 a factor of 8255500?
True
Is 20 a factor of 1444980?
True
Does 201 divide 1192138?
False
Is 68828 a multiple of 4?
True
Is 12 a factor of 22359958?
False
Is 143808 a multiple of 168?
True
Is 662 a factor of 296724?
False
Is 13470 a multiple of 18?
False
Does 41 divide 172574?
False
Is 9454939 a multiple of 61?
True
Is 96 a factor of 546720?
True
Does 1054 divide 3865018?
True
Does 39 divide 469248?
True
Is 6716754 a multiple of 18?
True
Does 10 divide 258700?
True
Is 179288 a multiple of 19?
False
Is 2937468 a multiple of 46?
True
Is 51 a factor of 1499553?
True
Does 25 divide 274843?
False
Does 142 divide 8816212?
True
Is 6746071 a multiple of 127?
False
Is 1194110 a multiple of 12?
False
Is 3242829 a multiple of 41?
False
Does 26 divide 42380?
True
Is 43 a factor of 768582?
True
Is 47 a factor of 2609739?
False
Does 18 divide 964406?
False
Does 9 divide 169047?
True
Does 13 divide 126074?
True
Does 22 divide 3317117?
False
Is 16 a factor of 2626816?
True
Does 319 divide 2594948?
False
Is 11 a factor of 1374934?
True
Does 30 divide 492287?
False
Does 15 divide 238260?
True
Is 769640 a multiple of 20?
True
Is 7846 a multiple of 3?
False
Is 10 a factor of 985739?
False
Is 1969296 a multiple of 16?
True
Is 260082 a multiple of 14?
False
Does 22 divide 76054?
True
Is 357 a factor of 4005949?
False
Does 287 divide 257004?
False
Does 10 divide 15710?
True
Is 110944 a multiple of 9?
False
Is 470448 a multiple of 33?
True
Is 1610 a factor of 1540740?
False
Does 32 divide 81809?
False
Is 105 a factor of 373485?
True
Does 4 divide 1625820?
True
Is 29 a factor of 147954?
False
Is 138 a factor of 3952634?
False
Is 8 a factor of 1109160?
True
Is 18 a factor of 312678?
True
Is 8730605 a multiple of 15?
False
Is 3036825 a multiple of 55?
True
Is 171142 a multiple of 27?
False
Is 87 a factor of 287361?
True
Is 6 a factor of 83016?
True
Does 353 divide 8276085?
True
Does 770 divide 10332630?
True
Is 180316 a multiple of 226?
False
Is 37 a factor of 1532392?
True
Is 79 a factor of 1211529?
False
Is 43 a factor of 43898?
False
Does 17 divide 80716?
True
Is 2524615 a multiple of 13?
False
Does 51 divide 588405?
False
Does 2438 divide 2529468?
False
Is 1938 a factor of 3734526?
True
Is 10 a factor of 84778?
False
Is 5861511 a multiple of 423?
True
Does 11 divide 362120?
True
Does 6 divide 63941?
False
Is 161152 a multiple of 32?
True
Is 3066154 a multiple of 991?
True
Is 3747180 a multiple of 1140?
True
Does 7 divide 16506?
True
Is 97845 a multiple of 127?
False
Is 3133797 a multiple of 44?
False
Is 1114 a factor of 31813612?
True
Is 194048 a multiple of 6?
False
Does 27 divide 292187?
False
Is 733697 a multiple of 16?
False
Does 218 divide 155652?
True
Is 191 a factor of 436799?
False
Is 6 a factor of 80468?
False
Does 20 divide 544645?
False
Is 1307979 a multiple of 57?
True
Is 121692 a multiple of 6?
True
Does 44 divide 201884?
False
Does 8 divide 3941830?
False
Does 388 divide 68144?
False
Is 277866 a multiple of 9?
True
Does 12 divide 12359343?
False
Is 407 a factor of 131373?
False
Is 437476 a multiple of 179?
True
Is 33 a factor of 34268?
False
Is 7 a factor of 12011?
False
Is 49948 a multiple of 85?
False
Does 153 divide 2267919?
True
Does 4 divide 331058?
False
Is 87 a factor of 1212484?
False
Is 106929 a multiple of 7?
False
Does 128 divide 180352?
True
Is 6806136 a multiple of 92?
False
Is 30 a factor of 9305220?
True
Does 46 divide 23966?
True
Is 555155 a multiple of 3?
False
Does 4 divide 35344?
True
Is 4611734 a multiple of 47?
True
Does 20 divide 277208?
False
Is 9 a factor of 572247?
True
Is 57 a factor of 2441360?
False
Is 453390 a multiple of 119?
True
Is 386074 a multiple of 958?
True
Does 26 divide 1791084?
False
Is 49 a factor of 75160?
False
Is 287513 a multiple of 151?
False
Is 514234 a multiple of 161?
True
Is 100 a factor of 1073000?
True
Is 17 a factor of 2825919?
False
Does 52 divide 124852?
True
Is 389114 a multiple of 23?
True
Is 522752 a multiple of 64?
True
Does 825 divide 557700?
True
Is 15 a factor of 16787931?
False
Is 31966 even?
True
Does 118 divide 458784?
True
Is 7 a factor of 57995?
True
Is 3533011 a multiple of 26?
False
Is 979956 a multiple of 163?
True
Is 8 a factor of 225305?
False
Is 3 a factor of 27818?
False
Is 47 a factor of 710888?
False
Does 18 divide 88544?
False
Is 11 a factor of 560198?
False
Is 3282096 a multiple of 677?
True
Is 79496 a multiple of 10?
False
Is 84 a factor of 179760?
True
Does 33 divide 353496?
True
Is 1145752 a multiple of 2?
True
Does 9 divide 1641475?
False
Is 19826 a multiple of 5?
False
Does 16 divide 204112?
True
Does 59 divide 5555583?
False
Does 46 divide 5398468?
True
Is 420643 a multiple of 79?
False
Is 169 a factor of 184015?
False
Is 54 a factor of 57538?
False
Is 19238642 a multiple of 412?
False
Does 149 divide 2427061?
True
Is 232949 a multiple of 27?
False
Does 111 divide 88307?
False
Is 49927 a multiple of 27?
False
Is 13132265 a multiple of 785?
True
Is 358 a factor of 165645?
False
Is 18828 a multiple of 119?
False
Does 618 divide 2255664?
False
Does 55 divide 970273?
False
Does 58 divide 186760?
True
Is 113 a factor of 420360?
True
Is 2066061 a multiple of 208?
False
Is 38 a factor of 1102646?
True
Is 156442 a multiple of 183?
False
Is 22 a factor of 3730534?
False
Is 340